8 (base 16) to base 4.
-2103120
Convert 634a (base 13) to base 8.
32667
1283 (base 12) to base 6
13443
What is -10150 (base 15) in base 4?
-30123231
What is -423 (base 8) in base 15?
-135
What is -a3b (base 12) in base 15?
-692
-144641 (base 7) to base 12
-14322
What is 497 (base 12) in base 5?
10231
Convert -7521 (base 10) to base 11.
-5718
What is -448 (base 16) in base 6?
-5024
Convert 1001 (base 10) to base 15.
46b
What is -13194 (base 11) in base 6?
-223150
Convert 3a48 (base 11) to base 12.
305b
101200 (base 3) to base 16
120
Convert -3123 (base 12) to base 3.
-21100100
Convert a (base 11) to base 7.
13
7612 (base 16) to base 13
109b1
c4d0 (base 16) to base 9
76102
What is 4410 (base 5) in base 14?
313
17265 (base 9) to base 16
2e6d
What is 100202201 (base 3) in base 14?
2848
-157 (base 14) to base 12
-1a9
-1303 (base 4) to base 2
-1110011
-f68 (base 16) to base 12
-2348
What is 104 (base 8) in base 3?
2112
Convert -401331 (base 5) to base 3.
-122102222
-3132233 (base 4) to base 11
-a78a
740 (base 8) to base 5
3410
-1995 (base 10) to base 8
-3713
-274 (base 14) to base 12
-352
Convert 176 (base 8) to base 5.
1001
-210011 (base 3) to base 8
-1073
What is 111100010 (base 2) in base 10?
482
What is -210102 (base 4) in base 3?
-10012000
What is -21c (base 13) in base 15?
-193
Convert 16 (base 14) to base 15.
15
What is -1d6 (base 15) in base 3?
-120210
What is -647 (base 12) in base 4?
-32113
What is 84a9 (base 12) in base 4?
3203001
What is 6211 (base 11) in base 2?
10000000110000
-1251 (base 6) to base 10
-319
321002 (base 4) to base 15
1135
Convert -1010111001 (base 2) to base 14.
-37b
What is 15770 (base 8) in base 2?
1101111111000
74 (base 8) to base 5
220
What is -755 (base 9) in base 13?
-386
Convert -e8b (base 16) to base 7.
-13566
1000000 (base 3) to base 13
441
Convert -111001101110 (base 2) to base 13.
-18b2
211033 (base 4) to base 15
a8d
2440331 (base 5) to base 3
2100120100
Convert 223716 (base 8) to base 3.
10211212200
What is -217 (base 9) in base 6?
-454
What is -10101112021 (base 3) in base 8?
-202244
What is 38317 (base 10) in base 5?
2211232
Convert 122232 (base 5) to base 10.
4692
12022020 (base 3) to base 7
14163
What is -1257 (base 10) in base 13?
-759
What is -1fea (base 16) in base 11?
-6158
Convert -1000011110 (base 2) to base 4.
-20132
101010111111001 (base 2) to base 15
67c4
What is 2120021 (base 3) in base 2?
11101001110
Convert 214424 (base 5) to base 9.
11241
Convert 10100000010 (base 2) to base 12.
8aa
-21 (base 7) to base 12
-13
Convert -13232301 (base 4) to base 8.
-75661
Convert 25215 (base 8) to base 11.
8203
Convert 221123 (base 7) to base 5.
2220300
Convert 7706 (base 15) to base 5.
1301311
Convert 344443 (base 5) to base 12.
7296
Convert -14005 (base 7) to base 14.
-153c
What is 68533 (base 9) in base 2?
1011001001000001
What is -2788 (base 12) in base 16?
-11d8
-29a (base 13) to base 14
-253
-48aa (base 11) to base 9
-8714
Convert -2526 (base 7) to base 5.
-12301
What is -22c (base 16) in base 15?
-271
-3867 (base 10) to base 4
-330123
Convert -22000101 (base 3) to base 11.
-4431
What is -dc3 (base 16) in base 6?
-24151
Convert 433 (base 13) to base 4.
23032
What is 6655 (base 7) in base 2?
100101011000
What is -7206 (base 16) in base 14?
-a8d0
Convert -21795 (base 10) to base 3.
-1002220020
Convert -2f7d (base 16) to base 15.
-3907
-137 (base 9) to base 8
-163
-5872 (base 13) to base 9
-18041
189 (base 14) to base 8
475
What is 203 (base 15) in base 3?
121210
Convert -22501 (base 9) to base 12.
-880a
What is 11110000101 (base 2) in base 6?
12525
What is 101101010110000 (base 2) in base 9?
34755
Convert -1223 (base 6) to base 5.
-2203
What is -6b06 (base 13) in base 11?
-1033a
What is 232 (base 14) in base 7?
1162
220222000 (base 3) to base 4
10130112
Convert -521 (base 10) to base 4.
-20021
What is -5993 (base 10) in base 12?
-3575
1342 (base 7) to base 8
1010
What is a829 (base 12) in base 3?
221022220
What is -1202 (base 3) in base 8?
-57
What is 1010100101011000 (base 2) in base 8?
124530
Convert 499 (base 12) to base 14.
377
Convert -40433 (base 6) to base 9.
-7303
Convert -54e8 (base 15) to base 13.
-8261
What is -a3 (base 12) in base 7?
-234
Convert 326463 (base 7) to base 13.
2024a
-1874 (base 9) to base 7
-4132
What is 2950 (base 12) in base 11?
3685
What is -2509 (base 10) in base 13?
-11b0
What is 22210000 (base 3) in base 9?
8700
-1674 (base 9) to base 2
-10100000010
What is -138a (base 13) in base 7?
-11134
What is 101110 (base 3) in base 8?
432
What is -570 (base 10) in base 8?
-1072
6aaa (base 12) to base 16
2ea2
What is -100000010 (base 2) in base 6?
-1110
What is -3341 (base 6) in base 16?
-30d
12011011 (base 3) to base 6
25221
5357 (base 9) to base 11
2a62
-350 (base 10) to base 11
-299
What is 6180 (base 10) in base 11?
4709
Convert 17538 (base 10) to base 13.
7ca1
What is -100101010 (base 2) in base 16?
-12a
Convert 265c (base 13) to base 6.
41221
Convert 1011000100110 (base 2) to base 11.
4295
Convert 64c2 (base 14) to base 5.
1024133
What is 81 (base 14) in base 12?
95
Convert 6224 (base 8) to base 11.
2468
What is -441 (base 8) in base 12?
-201
What is -11022 (base 5) in base 10?
-762
Convert -6185 (base 10) to base 11.
-4713
What is -3036 (base 11) in base 15?
-12dc
-1d5 (base 15) to base 8
-651
Convert -2142241 (base 5) to base 10.
-37196
-15853 (base 9) to base 8
-25226
What is -11011000001101 (base 2) in base 10?
-13837
-12332 (base 4) to base 11
-376
-1022 (base 6) to base 8
-346
Convert -272 (base 14) to base 6.
-2140
Convert -1099 (base 12) to base 14.
-95b
What is -11443 (base 7) in base 15?
-d31
-5a (base 14) to base 10
-80
Convert -2504 (base 7) to base 15.
-425
Convert -101010001101100 (base 2) to base 13.
-9ab6
What is 1863 (base 13) in base 8?
7056
Convert 146a (base 14) to base 15.
1117
Convert 2190 (base 12) to base 3.
12002100
What is 53c5 (base 15) in base 11?
12363
-3543 (base 9) to base 5
-41011
What is 50355 (base 6) in base 10?
6623
Convert 1304 (base 6) to base 10.
328
Convert 1362 (base 7) to base 16.
216
-27121 (base 13) to base 12
-360a1
What is -f50 (base 16) in base 3?
-12101012
908 (base 15) to base 16
7f1
370 (base 12) to base 3
201010
What is -beb (base 16) in base 7?
-11616
-16d70 (base 14) to base 9
-86817
Convert 292a (base 13) to base 15.
1b6b
Convert 329 (base 12) to base 16.
1d1
What is -32411 (base 6) in base 15?
-14d1
Convert 30c0 (base 13) to base 6.
51123
What is -2131 (base 13) in base 3?
-20022111
Convert -55010 (base 7) to base 12.
-7b3b
Convert -2ee8 (base 15) to base 13.
-47b4
10101101111 (base 2) to base 6
10235
Convert -a7a (base 12) to base 8.
-2776
Convert -111011012 (base 3) to base 9.
-14135
What is -2683 (base 11) in base 10?
-3479
424131 (base 6) to base 11
24009
Convert 1000010111 (base 3) to base 6.
231321
538 (base 9) to base 6
2012
-113423 (base 5) to base 2
-1000010001110
Convert -3c55 (base 14) to base 3.
-112121210
241245 (base 6) to base 2
101001000111101
Convert -41382 (base 12) to base 9.
-138778
What is 21111210 (base 3) in base 9?
7453
What is ec (base 15) in base 10?
222
Convert 2014210 (base 5) to base 12.
16926
95 (base 10) to base 12
7b
3026 (base 11) to base 7
14503
Convert -225023 (base 6) to base 13.
-89ac
What is 39bc (base 16) in base 13?
695c
What is -5596 (base 13) in base 16?
-2eb1
4844 (base 14) to base 16
313c
What is 5a47 (base 13) in base 9?
18418
Convert 13133 (base 5) to base 10.
1043
Convert -10a (base 16) to base 7.
-530
Convert 1122 (base 9) to base 11.
695
-63 (base 11) to base 9
-76
Convert 2c4 (base 16) to base 11.
594
What is 375a (base 12) in base 9?
8527
Convert a25 (base 11) to base 10.
1237
What is -36785 (base 9) in base 7?
-132005
What is 3865 (base 9) in base 2?
101101001110
20221000 (base 3) to base 12
2b09
Convert -9a4 (base 15) to base 4.
-202003
What is 1b9a (base 14) in base 2?
1001110101100
Convert 3c4 (base 14) to base 9.
1034
What is -1b8 (base 14) in base 12?
-25a
What is 2003 (base 5) in base 7?
511
-8854 (base 13) to base 10
-18997
What is 1414 (base 7) in base 13?
334
Convert -57723 (base 9) to base 4.
-21121200
What is -110010011110011 (base 2) in base 7?
-135226
What is -12100231 (base 4) in base 13?
-b899
Convert 1340003 (base 5) to base 4.
12231233
What is -15122 (